hat is the remainder when 1475 is divided by 211?
209
Calculate the remainder when 216 is divided by 75.
66
Calculate the remainder when 1439 is divided by 29.
18
Calculate the remainder when 5863 is divided by 23.
21
What is the remainder when 30 is divided by 8?
6
What is the remainder when 367 is divided by 17?
10
What is the remainder when 119 is divided by 35?
14
Calculate the remainder when 348 is divided by 89.
81
Calculate the remainder when 398 is divided by 86.
54
What is the remainder when 1130 is divided by 330?
140
What is the remainder when 1919 is divided by 381?
14
Calculate the remainder when 293 is divided by 50.
43
Calculate the remainder when 279 is divided by 31.
0
What is the remainder when 426 is divided by 82?
16
What is the remainder when 822 is divided by 55?
52
Calculate the remainder when 75 is divided by 19.
18
What is the remainder when 2039 is divided by 51?
50
What is the remainder when 658 is divided by 35?
28
Calculate the remainder when 175 is divided by 20.
15
What is the remainder when 970 is divided by 54?
52
Calculate the remainder when 776 is divided by 171.
92
What is the remainder when 30 is divided by 14?
2
What is the remainder when 106 is divided by 15?
1
What is the remainder when 147 is divided by 22?
15
Calculate the remainder when 212 is divided by 162.
50
What is the remainder when 281 is divided by 42?
29
What is the remainder when 327 is divided by 107?
6
What is the remainder when 232 is divided by 47?
44
What is the remainder when 718 is divided by 71?
8
Calculate the remainder when 3591 is divided by 1192.
15
What is the remainder when 7328 is divided by 253?
244
Calculate the remainder when 528 is divided by 95.
53
Calculate the remainder when 128 is divided by 24.
8
What is the remainder when 971 is divided by 136?
19
Calculate the remainder when 719 is divided by 349.
21
What is the remainder when 1324 is divided by 17?
15
Calculate the remainder when 1468 is divided by 82.
74
Calculate the remainder when 766 is divided by 59.
58
Calculate the remainder when 985 is divided by 70.
5
Calculate the remainder when 400 is divided by 110.
70
What is the remainder when 4352 is divided by 67?
64
What is the remainder when 92 is divided by 23?
0
Calculate the remainder when 128 is divided by 33.
29
Calculate the remainder when 9059 is divided by 11.
6
What is the remainder when 1206 is divided by 245?
226
Calculate the remainder when 158 is divided by 49.
11
What is the remainder when 2655 is divided by 83?
82
Calculate the remainder when 267 is divided by 27.
24
Calculate the remainder when 556 is divided by 43.
40
What is the remainder when 14 is divided by 8?
6
Calculate the remainder when 1227 is divided by 249.
231
Calculate the remainder when 148 is divided by 57.
34
Calculate the remainder when 347 is divided by 7.
4
Calculate the remainder when 48 is divided by 17.
14
What is the remainder when 2612 is divided by 52?
12
What is the remainder when 1926 is divided by 284?
222
Calculate the remainder when 771 is divided by 382.
7
Calculate the remainder when 2396 is divided by 36.
20
What is the remainder when 8213 is divided by 11?
7
Calculate the remainder when 5036 is divided by 126.
122
What is the remainder when 270 is divided by 25?
20
What is the remainder when 452 is divided by 356?
96
What is the remainder when 965 is divided by 205?
145
Calculate the remainder when 21 is divided by 17.
4
What is the remainder when 23582 is divided by 88?
86
Calculate the remainder when 80 is divided by 25.
5
What is the remainder when 1022 is divided by 79?
74
Calculate the remainder when 725 is divided by 332.
61
Calculate the remainder when 157 is divided by 18.
13
Calculate the remainder when 9420 is divided by 62.
58
Calculate the remainder when 465 is divided by 113.
13
What is the remainder when 3012 is divided by 42?
30
Calculate the remainder when 1508 is divided by 14.
10
What is the remainder when 117 is divided by 57?
3
What is the remainder when 110 is divided by 39?
32
Calculate the remainder when 182 is divided by 55.
17
What is the remainder when 885 is divided by 883?
2
Calculate the remainder when 755 is divided by 191.
182
Calculate the remainder when 258 is divided by 64.
2
Calculate the remainder when 94 is divided by 8.
6
What is the remainder when 295 is divided by 93?
16
What is the remainder when 586 is divided by 64?
10
Calculate the remainder when 215 is divided by 75.
65
What is the remainder when 67 is divided by 9?
4
What is the remainder when 573 is divided by 16?
13
What is the remainder when 605 is divided by 24?
5
Calculate the remainder when 291 is divided by 55.
16
What is the remainder when 669 is divided by 138?
117
What is the remainder when 91 is divided by 18?
1
What is the remainder when 1189 is divided by 35?
34
What is the remainder when 2072 is divided by 203?
42
Calculate the remainder when 4347 is divided by 87.
84
What is the remainder when 362 is divided by 33?
32
What is the remainder when 1150 is divided by 96?
94
Calculate the remainder when 4156 is divided by 18.
16
What is the remainder when 6094 is divided by 107?
102
Calculate the remainder when 28989 is divided by 130.
129
Calculate the remainder when 2099 is divided by 28.
27
What is the remainder when 113 is divided by 27?
5
Calculate the remainder when 366 is divided by 23.
21
Calculate the remainder when 106 is divided by 96.
10
Calculate the remainder when 10 is divided by 6.
4
What is the remainder when 150 is divided by 23?
12
What is the remainder when 553 is divided by 87?
31
What is the remainder when 243 is divided by 36?
27
What is the remainder when 22179 is divided by 20?
19
Calculate the remainder when 776 is divided by 42.
20
Calculate the remainder when 14709 is divided by 12.
9
What is the remainder when 93931 is divided by 71?
69
What is the remainder when 135 is divided by 53?
29
Calculate the remainder when 495 is divided by 28.
19
What is the remainder when 1467 is divided by 150?
117
What is the remainder when 115 is divided by 14?
3
What is the remainder when 111 is divided by 86?
25
What is the remainder when 249 is divided by 29?
17
Calculate the remainder when 67 is divided by 33.
1
Calculate the remainder when 26 is divided by 9.
8
Calculate the remainder when 562 is divided by 15.
7
What is the remainder when 7003 is divided by 15?
13
What is the remainder when 77 is divided by 6?
5
What is the remainder when 156 is divided by 55?
46
What is the remainder when 1679 is divided by 99?
95
What is the remainder when 952 is divided by 66?
28
What is the remainder when 414 is divided by 107?
93
Calculate the remainder when 175 is divided by 69.
37
Calculate the remainder when 4949 is divided by 5.
4
Calculate the remainder when 404 is divided by 224.
180
What is the remainder when 40 is divided by 15?
10
What is the remainder when 48 is divided by 21?
6
Calculate the remainder when 33231 is divided by 58.
55
Calculate the remainder when 797 is divided by 57.
56
Calculate the remainder when 1924 is divided by 47.
44
What is the remainder when 1742 is divided by 21?
20
What is the remainder when 4559 is divided by 228?
227
Calculate the remainder when 651 is divided by 58.
13
Calculate the remainder when 48 is divided by 40.
8
Calculate the remainder when 2427 is divided by 81.
78
Calculate the remainder when 1093 is divided by 58.
49
What is the remainder when 41 is divided by 9?
5
What is the remainder when 398 is divided by 25?
23
What is the remainder when 10726 is divided by 24?
22
What is the remainder when 4542 is divided by 25?
17
What is the remainder when 38 is divided by 22?
16
What is the remainder when 273 is divided by 138?
135
What is the remainder when 1691 is divided by 16?
11
What is the remainder when 119 is divided by 52?
15
Calculate the remainder when 417 is divided by 201.
15
Calculate the remainder when 388 is divided by 40.
28
Calculate the remainder when 495 is divided by 87.
60
Calculate the remainder when 1104 is divided by 102.
84
Calculate the remainder when 453 is divided by 219.
15
Calculate the remainder when 1437 is divided by 121.
106
Calculate the remainder when 304 is divided by 67.
36
What is the remainder when 609 is divided by 